{"id":3156,"date":"2023-03-18T18:22:24","date_gmt":"2023-03-18T17:22:24","guid":{"rendered":"http:\/\/www.bachstrasse6.de\/?page_id=3156"},"modified":"2024-09-15T16:50:52","modified_gmt":"2024-09-15T15:50:52","slug":"laufergebnisse-2023","status":"publish","type":"page","link":"https:\/\/www.bachstrasse6.de\/?page_id=3156","title":{"rendered":"Laufergebnisse 2023"},"content":{"rendered":"\n<p>Training ist ja recht und sch\u00f6n, doch ein Duell im Wettkampf ist eben durch nichts zu ersetzen. Deshalb starten wir auch wann immer es m\u00f6glich ist bei offiziellen Wettk\u00e4mpfen in unserer Umgebung. Hier die Ergebnisse des Jahres 2023:<\/p>\n\n\n\n<p><strong>21. Hermann-Hesse-Lauf<\/strong>, 18.03.23, Bad Liebenzell, 10 km, 168 Teilnehmer<br>Marco Frei 45:46 min. (60)<br><strong><strong>18. Freiburg-Marathon<\/strong>,<\/strong>\u00a026.03.23, Freiburg, 21,1 km, 6.202 Teilnehmer<strong><br><\/strong>Marco Frei 1:43:38 h (1724)<br><strong>40. Heidelberger Halbmarathon<\/strong>, 23.04.23, Heidelberg, 21,1 km, 2.855 Teilnehmer<br>Martin Nelius 1:48:55 h (423), Marco Frei 1:52:59 h (852)<br><strong>40. Heidelberger Halbmarathon<\/strong>, 23.04.23, Heidelberg, 3,1 km, 1.046 Teilnehmer<br>Samuel Kinnear 19:13 min. (862), Camille Poiget 19:14 min. (864), Christine Frei 19.15 min. (865)<br><strong>21. Trollinger-Marathon<\/strong>, 07.05.23, Heilbronn, 21,1 km, 2.343 Teilnehmer<br>Marco Frei 1:45:25 h (339), Siegfried Lamprecht 2:29:01 h (1952)<br><strong>7. Keibellauf<\/strong>, 13.05.23, Huchenfeld, 10 km, 86 Teilnehmer<br>Marco Frei 48:56 min. (25)<br><strong>31. Himmelfahrtslauf<\/strong>, 18.05.23, W\u00f6ssingen, 10 km, 147 Teilnehmer<br>Marco Frei 45:25 min. (20)<br><strong>19. Gai\u00dfeschenner-Lauf<\/strong>, 10.06.23, Kieselbronn, 21,1 km, 82 Teilnehmer<br>Marco Frei 1:45:21 h (34)<br><strong>1. Wild &amp; Run<\/strong>, 19.07.23, Oberkollbach, 14,43 km, 99 Teilnehmer<br>Marco Frei 1:14:55 h (34)<br><strong>10. Ranntallauf<\/strong>, 22.07.23, N\u00f6ttingen, 10 km, 114 Teilnehmer<br>Marco Frei 47:22 min. (35)<br><strong>Gazellen-Meeting mit Kreismeisterschaft Langstrecke<\/strong>, 29.07.23, K\u00f6nigsbach, 5.000 m, 12 Teilnehmer<br>Marco Frei 22:09 min. (9)<br><strong>16. Lu\u00dfhardtlauf<\/strong>, 20.08.23, Hambr\u00fccken, 21,1 km, 155 Teilnehmer<br>Marco Frei 1:46:45 h (48)<br><strong>39. Baden-Marathon<\/strong>, 17.09.23, Karlsruhe, 21,1 km, 3.639 Teilnehmer<br>Marco Frei 1:51:33 h (840)<br>Mannschaftswertung: TV N\u00f6ttingen II 5:30:10 h (37. von 157)<br><strong>27. Heckeng\u00e4u-Lauf<\/strong>, 03.10.23, Wiernsheim, 10 km, 154 Teilnehmer<br>Marco Frei 47:34 min. (39)<br><strong>37. Hardtwaldlauf, <\/strong>15.10.23, Karlsruhe, 10 km, 263 Teilnehmer<br>Marco Frei 44:04 min. (68),\u00a0 Christine Frei 53:01 min. (171)<\/p>\n\n\n\n<p><\/p>\n\n\n\n<figure class=\"wp-block-image size-medium\"><a href=\"http:\/\/www.bachstrasse6.de\/wp-content\/uploads\/2023\/05\/2023hhlbl1.jpg\"><img loading=\"lazy\" decoding=\"async\" width=\"300\" height=\"200\" src=\"http:\/\/www.bachstrasse6.de\/wp-content\/uploads\/2023\/05\/2023hhlbl1-300x200.jpg\" alt=\"\" class=\"wp-image-3178\" srcset=\"https:\/\/www.bachstrasse6.de\/wp-content\/uploads\/2023\/05\/2023hhlbl1-300x200.jpg 300w, https:\/\/www.bachstrasse6.de\/wp-content\/uploads\/2023\/05\/2023hhlbl1-768x512.jpg 768w, https:\/\/www.bachstrasse6.de\/wp-content\/uploads\/2023\/05\/2023hhlbl1.jpg 800w\" sizes=\"auto, (max-width: 300px) 100vw, 300px\" \/><\/a><figcaption class=\"wp-element-caption\">Marco Frei beim Hermann-Hesse-Lauf 2023 in Bad Liebenzell<\/figcaption><\/figure>\n\n\n\n<figure class=\"wp-block-image size-medium\"><a href=\"http:\/\/www.bachstrasse6.de\/wp-content\/uploads\/2023\/05\/20230423_082220-scaled.jpg\"><img loading=\"lazy\" decoding=\"async\" width=\"300\" height=\"225\" src=\"http:\/\/www.bachstrasse6.de\/wp-content\/uploads\/2023\/05\/20230423_082220-300x225.jpg\" alt=\"\" class=\"wp-image-3179\" srcset=\"https:\/\/www.bachstrasse6.de\/wp-content\/uploads\/2023\/05\/20230423_082220-300x225.jpg 300w, https:\/\/www.bachstrasse6.de\/wp-content\/uploads\/2023\/05\/20230423_082220-1024x768.jpg 1024w, https:\/\/www.bachstrasse6.de\/wp-content\/uploads\/2023\/05\/20230423_082220-768x576.jpg 768w, https:\/\/www.bachstrasse6.de\/wp-content\/uploads\/2023\/05\/20230423_082220-1536x1152.jpg 1536w, https:\/\/www.bachstrasse6.de\/wp-content\/uploads\/2023\/05\/20230423_082220-2048x1536.jpg 2048w\" sizes=\"auto, (max-width: 300px) 100vw, 300px\" \/><\/a><figcaption class=\"wp-element-caption\">Camille Poiget, Samuel Kinnear, Christine Frei und Marco Frei beim Heidelberger Halbmarathon 2023<\/figcaption><\/figure>\n\n\n\n<figure class=\"wp-block-image size-medium\"><a href=\"http:\/\/www.bachstrasse6.de\/wp-content\/uploads\/2023\/05\/2023hmhd.jpg\"><img loading=\"lazy\" decoding=\"async\" width=\"300\" height=\"198\" src=\"http:\/\/www.bachstrasse6.de\/wp-content\/uploads\/2023\/05\/2023hmhd-300x198.jpg\" alt=\"\" class=\"wp-image-3176\" srcset=\"https:\/\/www.bachstrasse6.de\/wp-content\/uploads\/2023\/05\/2023hmhd-300x198.jpg 300w, https:\/\/www.bachstrasse6.de\/wp-content\/uploads\/2023\/05\/2023hmhd.jpg 600w\" sizes=\"auto, (max-width: 300px) 100vw, 300px\" \/><\/a><figcaption class=\"wp-element-caption\">Marco Frei beim Heidelberger Halbmarathon 2023<\/figcaption><\/figure>\n\n\n\n<figure class=\"wp-block-image size-medium\"><a href=\"http:\/\/www.bachstrasse6.de\/wp-content\/uploads\/2023\/05\/2023klhu.jpg\"><img loading=\"lazy\" decoding=\"async\" width=\"300\" height=\"225\" src=\"http:\/\/www.bachstrasse6.de\/wp-content\/uploads\/2023\/05\/2023klhu-300x225.jpg\" alt=\"\" class=\"wp-image-3177\" srcset=\"https:\/\/www.bachstrasse6.de\/wp-content\/uploads\/2023\/05\/2023klhu-300x225.jpg 300w, https:\/\/www.bachstrasse6.de\/wp-content\/uploads\/2023\/05\/2023klhu-768x576.jpg 768w, https:\/\/www.bachstrasse6.de\/wp-content\/uploads\/2023\/05\/2023klhu.jpg 1024w\" sizes=\"auto, (max-width: 300px) 100vw, 300px\" \/><\/a><figcaption class=\"wp-element-caption\">Marco Frei beim Keibellauf 2023 in Huchenfeld<\/figcaption><\/figure>\n\n\n\n<figure class=\"wp-block-image size-medium\"><a href=\"http:\/\/www.bachstrasse6.de\/wp-content\/uploads\/2023\/05\/2023hflwoe.jpg\"><img loading=\"lazy\" decoding=\"async\" width=\"300\" height=\"225\" src=\"http:\/\/www.bachstrasse6.de\/wp-content\/uploads\/2023\/05\/2023hflwoe-300x225.jpg\" alt=\"\" class=\"wp-image-3184\" srcset=\"https:\/\/www.bachstrasse6.de\/wp-content\/uploads\/2023\/05\/2023hflwoe-300x225.jpg 300w, https:\/\/www.bachstrasse6.de\/wp-content\/uploads\/2023\/05\/2023hflwoe-768x576.jpg 768w, https:\/\/www.bachstrasse6.de\/wp-content\/uploads\/2023\/05\/2023hflwoe.jpg 1024w\" sizes=\"auto, (max-width: 300px) 100vw, 300px\" \/><\/a><figcaption class=\"wp-element-caption\">Marco Frei beim Himmelfahrtslauf 2023 in W\u00f6ssingen<\/figcaption><\/figure>\n\n\n\n<figure class=\"wp-block-image size-medium\"><a href=\"http:\/\/www.bachstrasse6.de\/wp-content\/uploads\/2023\/06\/2023gslkb2-scaled.jpg\"><img loading=\"lazy\" decoding=\"async\" width=\"225\" height=\"300\" src=\"http:\/\/www.bachstrasse6.de\/wp-content\/uploads\/2023\/06\/2023gslkb2-225x300.jpg\" alt=\"\" class=\"wp-image-3189\" srcset=\"https:\/\/www.bachstrasse6.de\/wp-content\/uploads\/2023\/06\/2023gslkb2-225x300.jpg 225w, https:\/\/www.bachstrasse6.de\/wp-content\/uploads\/2023\/06\/2023gslkb2-768x1024.jpg 768w, https:\/\/www.bachstrasse6.de\/wp-content\/uploads\/2023\/06\/2023gslkb2-1152x1536.jpg 1152w, https:\/\/www.bachstrasse6.de\/wp-content\/uploads\/2023\/06\/2023gslkb2-1536x2048.jpg 1536w, https:\/\/www.bachstrasse6.de\/wp-content\/uploads\/2023\/06\/2023gslkb2-scaled.jpg 1920w\" sizes=\"auto, (max-width: 225px) 100vw, 225px\" \/><\/a><figcaption class=\"wp-element-caption\">Marco Frei beim Gai\u00dfeschennerlauf 2023 in Kieselbronn<\/figcaption><\/figure>\n\n\n\n<figure class=\"wp-block-image size-medium\"><a href=\"http:\/\/www.bachstrasse6.de\/wp-content\/uploads\/2023\/08\/2023wrokb.jpg\"><img loading=\"lazy\" decoding=\"async\" width=\"300\" height=\"200\" src=\"http:\/\/www.bachstrasse6.de\/wp-content\/uploads\/2023\/08\/2023wrokb-300x200.jpg\" alt=\"\" class=\"wp-image-3202\" srcset=\"https:\/\/www.bachstrasse6.de\/wp-content\/uploads\/2023\/08\/2023wrokb-300x200.jpg 300w, https:\/\/www.bachstrasse6.de\/wp-content\/uploads\/2023\/08\/2023wrokb-1024x682.jpg 1024w, https:\/\/www.bachstrasse6.de\/wp-content\/uploads\/2023\/08\/2023wrokb-768x512.jpg 768w, https:\/\/www.bachstrasse6.de\/wp-content\/uploads\/2023\/08\/2023wrokb-1536x1024.jpg 1536w, https:\/\/www.bachstrasse6.de\/wp-content\/uploads\/2023\/08\/2023wrokb-2048x1365.jpg 2048w\" sizes=\"auto, (max-width: 300px) 100vw, 300px\" \/><\/a><figcaption class=\"wp-element-caption\">Marco Frei beim Wild &amp; Run 2023 in Oberkollbach<\/figcaption><\/figure>\n\n\n\n<figure class=\"wp-block-image size-medium\"><a href=\"http:\/\/www.bachstrasse6.de\/wp-content\/uploads\/2023\/07\/2023rtl2-scaled.jpg\"><img loading=\"lazy\" decoding=\"async\" width=\"225\" height=\"300\" src=\"http:\/\/www.bachstrasse6.de\/wp-content\/uploads\/2023\/07\/2023rtl2-225x300.jpg\" alt=\"\" class=\"wp-image-3197\" srcset=\"https:\/\/www.bachstrasse6.de\/wp-content\/uploads\/2023\/07\/2023rtl2-225x300.jpg 225w, https:\/\/www.bachstrasse6.de\/wp-content\/uploads\/2023\/07\/2023rtl2-768x1024.jpg 768w, https:\/\/www.bachstrasse6.de\/wp-content\/uploads\/2023\/07\/2023rtl2-1152x1536.jpg 1152w, https:\/\/www.bachstrasse6.de\/wp-content\/uploads\/2023\/07\/2023rtl2-1536x2048.jpg 1536w, https:\/\/www.bachstrasse6.de\/wp-content\/uploads\/2023\/07\/2023rtl2-scaled.jpg 1920w\" sizes=\"auto, (max-width: 225px) 100vw, 225px\" \/><\/a><figcaption class=\"wp-element-caption\">Marco Frei beim Ranntallauf 2023 in N\u00f6ttingen<\/figcaption><\/figure>\n\n\n\n<figure class=\"wp-block-image size-medium\"><a href=\"http:\/\/www.bachstrasse6.de\/wp-content\/uploads\/2023\/08\/2023kmls.jpg\"><img loading=\"lazy\" decoding=\"async\" width=\"225\" height=\"300\" src=\"http:\/\/www.bachstrasse6.de\/wp-content\/uploads\/2023\/08\/2023kmls-225x300.jpg\" alt=\"\" class=\"wp-image-3205\" srcset=\"https:\/\/www.bachstrasse6.de\/wp-content\/uploads\/2023\/08\/2023kmls-225x300.jpg 225w, https:\/\/www.bachstrasse6.de\/wp-content\/uploads\/2023\/08\/2023kmls.jpg 600w\" sizes=\"auto, (max-width: 225px) 100vw, 225px\" \/><\/a><figcaption class=\"wp-element-caption\">Marco Frei bei der Kreismeisterschaft Langstrecken 2023 in K\u00f6nigsbach<\/figcaption><\/figure>\n\n\n\n<figure class=\"wp-block-image size-medium\"><a href=\"http:\/\/www.bachstrasse6.de\/wp-content\/uploads\/2023\/08\/2023lhlhb2-scaled.jpg\"><img loading=\"lazy\" decoding=\"async\" width=\"225\" height=\"300\" src=\"http:\/\/www.bachstrasse6.de\/wp-content\/uploads\/2023\/08\/2023lhlhb2-225x300.jpg\" alt=\"\" class=\"wp-image-3210\" srcset=\"https:\/\/www.bachstrasse6.de\/wp-content\/uploads\/2023\/08\/2023lhlhb2-225x300.jpg 225w, https:\/\/www.bachstrasse6.de\/wp-content\/uploads\/2023\/08\/2023lhlhb2-768x1024.jpg 768w, https:\/\/www.bachstrasse6.de\/wp-content\/uploads\/2023\/08\/2023lhlhb2-1152x1536.jpg 1152w, https:\/\/www.bachstrasse6.de\/wp-content\/uploads\/2023\/08\/2023lhlhb2-1536x2048.jpg 1536w, https:\/\/www.bachstrasse6.de\/wp-content\/uploads\/2023\/08\/2023lhlhb2-scaled.jpg 1920w\" sizes=\"auto, (max-width: 225px) 100vw, 225px\" \/><\/a><figcaption class=\"wp-element-caption\">Marco Frei beim Lusshardtlauf 2023 in Hambr\u00fccken<\/figcaption><\/figure>\n\n\n\n<figure class=\"wp-block-image size-medium\"><a href=\"http:\/\/www.bachstrasse6.de\/wp-content\/uploads\/2023\/09\/2023bmka2.jpg\"><img loading=\"lazy\" decoding=\"async\" width=\"300\" height=\"225\" src=\"http:\/\/www.bachstrasse6.de\/wp-content\/uploads\/2023\/09\/2023bmka2-300x225.jpg\" alt=\"\" class=\"wp-image-3216\" srcset=\"https:\/\/www.bachstrasse6.de\/wp-content\/uploads\/2023\/09\/2023bmka2-300x225.jpg 300w, https:\/\/www.bachstrasse6.de\/wp-content\/uploads\/2023\/09\/2023bmka2.jpg 599w\" sizes=\"auto, (max-width: 300px) 100vw, 300px\" \/><\/a><figcaption class=\"wp-element-caption\">Marco Frei beim Baden-Marathon 2023 in Karlsruhe <\/figcaption><\/figure>\n\n\n\n<figure class=\"wp-block-image size-medium\"><a href=\"http:\/\/www.bachstrasse6.de\/wp-content\/uploads\/2023\/10\/2023hglw1-scaled.jpg\"><img loading=\"lazy\" decoding=\"async\" width=\"225\" height=\"300\" src=\"http:\/\/www.bachstrasse6.de\/wp-content\/uploads\/2023\/10\/2023hglw1-225x300.jpg\" alt=\"\" class=\"wp-image-3221\" srcset=\"https:\/\/www.bachstrasse6.de\/wp-content\/uploads\/2023\/10\/2023hglw1-225x300.jpg 225w, https:\/\/www.bachstrasse6.de\/wp-content\/uploads\/2023\/10\/2023hglw1-768x1024.jpg 768w, https:\/\/www.bachstrasse6.de\/wp-content\/uploads\/2023\/10\/2023hglw1-1152x1536.jpg 1152w, https:\/\/www.bachstrasse6.de\/wp-content\/uploads\/2023\/10\/2023hglw1-1536x2048.jpg 1536w, https:\/\/www.bachstrasse6.de\/wp-content\/uploads\/2023\/10\/2023hglw1-scaled.jpg 1920w\" sizes=\"auto, (max-width: 225px) 100vw, 225px\" \/><\/a><figcaption class=\"wp-element-caption\">Marco Frei beim Heckeng\u00e4u-Lauf 2023 in Wiernsheim<\/figcaption><\/figure>\n\n\n\n<figure class=\"wp-block-image size-medium\"><a href=\"http:\/\/www.bachstrasse6.de\/wp-content\/uploads\/2023\/10\/2023hwlka1-scaled.jpg\"><img loading=\"lazy\" decoding=\"async\" width=\"225\" height=\"300\" src=\"http:\/\/www.bachstrasse6.de\/wp-content\/uploads\/2023\/10\/2023hwlka1-225x300.jpg\" alt=\"\" class=\"wp-image-3226\" srcset=\"https:\/\/www.bachstrasse6.de\/wp-content\/uploads\/2023\/10\/2023hwlka1-225x300.jpg 225w, https:\/\/www.bachstrasse6.de\/wp-content\/uploads\/2023\/10\/2023hwlka1-768x1024.jpg 768w, https:\/\/www.bachstrasse6.de\/wp-content\/uploads\/2023\/10\/2023hwlka1-1152x1536.jpg 1152w, https:\/\/www.bachstrasse6.de\/wp-content\/uploads\/2023\/10\/2023hwlka1-1536x2048.jpg 1536w, https:\/\/www.bachstrasse6.de\/wp-content\/uploads\/2023\/10\/2023hwlka1-scaled.jpg 1920w\" sizes=\"auto, (max-width: 225px) 100vw, 225px\" \/><\/a><figcaption class=\"wp-element-caption\">Christine &amp; Marco Frei beim Hardtwaldlauf 2023 in Karlsruhe<\/figcaption><\/figure>\n","protected":false},"excerpt":{"rendered":"<p>Training ist ja recht und sch\u00f6n, doch ein Duell im Wettkampf ist eben durch nichts zu ersetzen. Deshalb starten wir auch wann immer es m\u00f6glich ist bei offiziellen Wettk\u00e4mpfen in unserer Umgebung. Hier die Ergebnisse des Jahres 2023: 21. Hermann-Hesse-Lauf, 18.03.23, Bad Liebenzell, 10 km, 168 TeilnehmerMarco Frei 45:46 min. (60)18. Freiburg-Marathon,\u00a026.03.23, Freiburg, 21,1 km, [&hellip;]<\/p>\n","protected":false},"author":2,"featured_media":0,"parent":9,"menu_order":0,"comment_status":"closed","ping_status":"closed","template":"","meta":{"footnotes":""},"class_list":["post-3156","page","type-page","status-publish","hentry"],"_links":{"self":[{"href":"https:\/\/www.bachstrasse6.de\/index.php?rest_route=\/wp\/v2\/pages\/3156","targetHints":{"allow":["GET"]}}],"collection":[{"href":"https:\/\/www.bachstrasse6.de\/index.php?rest_route=\/wp\/v2\/pages"}],"about":[{"href":"https:\/\/www.bachstrasse6.de\/index.php?rest_route=\/wp\/v2\/types\/page"}],"author":[{"embeddable":true,"href":"https:\/\/www.bachstrasse6.de\/index.php?rest_route=\/wp\/v2\/users\/2"}],"replies":[{"embeddable":true,"href":"https:\/\/www.bachstrasse6.de\/index.php?rest_route=%2Fwp%2Fv2%2Fcomments&post=3156"}],"version-history":[{"count":28,"href":"https:\/\/www.bachstrasse6.de\/index.php?rest_route=\/wp\/v2\/pages\/3156\/revisions"}],"predecessor-version":[{"id":3303,"href":"https:\/\/www.bachstrasse6.de\/index.php?rest_route=\/wp\/v2\/pages\/3156\/revisions\/3303"}],"up":[{"embeddable":true,"href":"https:\/\/www.bachstrasse6.de\/index.php?rest_route=\/wp\/v2\/pages\/9"}],"wp:attachment":[{"href":"https:\/\/www.bachstrasse6.de\/index.php?rest_route=%2Fwp%2Fv2%2Fmedia&parent=3156"}],"curies":[{"name":"wp","href":"https:\/\/api.w.org\/{rel}","templated":true}]}}