{"id":3058,"date":"2021-09-19T15:58:44","date_gmt":"2021-09-19T13:58:44","guid":{"rendered":"http:\/\/www.bachstrasse6.de\/?page_id=3058"},"modified":"2022-04-04T18:17:27","modified_gmt":"2022-04-04T16:17:27","slug":"laufergebnisse-2021","status":"publish","type":"page","link":"https:\/\/www.bachstrasse6.de\/?page_id=3058","title":{"rendered":"Laufergebnisse 2021"},"content":{"rendered":"\n<p>Training ist ja recht und sch\u00f6n, doch ein Duell im Wettkampf ist eben durch nichts zu ersetzen. Deshalb starten wir auch wann immer es m\u00f6glich ist bei offiziellen Wettk\u00e4mpfen in unserer Umgebung. Hier die Ergebnisse des Jahres 2021:<\/p>\n\n\n\n<p><br><strong>Baden-Marathon Version 21<\/strong>, 19.09.21, Karlsruhe, 21,1 km, 1.734 Teilnehmer<br>Marco Frei 1:45:35 h (437), Stefan Rau 1:52:18 (688)<\/p>\n\n\n\n<figure class=\"wp-block-image size-medium\"><img loading=\"lazy\" decoding=\"async\" width=\"300\" height=\"169\" src=\"http:\/\/www.bachstrasse6.de\/wp-content\/uploads\/2021\/09\/2021bm1-300x169.jpg\" alt=\"\" class=\"wp-image-3062\" srcset=\"https:\/\/www.bachstrasse6.de\/wp-content\/uploads\/2021\/09\/2021bm1-300x169.jpg 300w, https:\/\/www.bachstrasse6.de\/wp-content\/uploads\/2021\/09\/2021bm1-768x432.jpg 768w, https:\/\/www.bachstrasse6.de\/wp-content\/uploads\/2021\/09\/2021bm1-1024x576.jpg 1024w, https:\/\/www.bachstrasse6.de\/wp-content\/uploads\/2021\/09\/2021bm1.jpg 1600w\" sizes=\"auto, (max-width: 300px) 100vw, 300px\" \/><figcaption>Marco Frei und Stefan Rau beim Baden-Marathon 2021 in Karlsruhe<\/figcaption><\/figure>\n","protected":false},"excerpt":{"rendered":"<p>Training ist ja recht und sch\u00f6n, doch ein Duell im Wettkampf ist eben durch nichts zu ersetzen. Deshalb starten wir auch wann immer es m\u00f6glich ist bei offiziellen Wettk\u00e4mpfen in unserer Umgebung. Hier die Ergebnisse des Jahres 2021: Baden-Marathon Version 21, 19.09.21, Karlsruhe, 21,1 km, 1.734 TeilnehmerMarco Frei 1:45:35 h (437), Stefan Rau 1:52:18 (688)<\/p>\n","protected":false},"author":2,"featured_media":0,"parent":9,"menu_order":0,"comment_status":"closed","ping_status":"closed","template":"","meta":{"footnotes":""},"class_list":["post-3058","page","type-page","status-publish","hentry"],"_links":{"self":[{"href":"https:\/\/www.bachstrasse6.de\/index.php?rest_route=\/wp\/v2\/pages\/3058","targetHints":{"allow":["GET"]}}],"collection":[{"href":"https:\/\/www.bachstrasse6.de\/index.php?rest_route=\/wp\/v2\/pages"}],"about":[{"href":"https:\/\/www.bachstrasse6.de\/index.php?rest_route=\/wp\/v2\/types\/page"}],"author":[{"embeddable":true,"href":"https:\/\/www.bachstrasse6.de\/index.php?rest_route=\/wp\/v2\/users\/2"}],"replies":[{"embeddable":true,"href":"https:\/\/www.bachstrasse6.de\/index.php?rest_route=%2Fwp%2Fv2%2Fcomments&post=3058"}],"version-history":[{"count":5,"href":"https:\/\/www.bachstrasse6.de\/index.php?rest_route=\/wp\/v2\/pages\/3058\/revisions"}],"predecessor-version":[{"id":3080,"href":"https:\/\/www.bachstrasse6.de\/index.php?rest_route=\/wp\/v2\/pages\/3058\/revisions\/3080"}],"up":[{"embeddable":true,"href":"https:\/\/www.bachstrasse6.de\/index.php?rest_route=\/wp\/v2\/pages\/9"}],"wp:attachment":[{"href":"https:\/\/www.bachstrasse6.de\/index.php?rest_route=%2Fwp%2Fv2%2Fmedia&parent=3058"}],"curies":[{"name":"wp","href":"https:\/\/api.w.org\/{rel}","templated":true}]}}