{"id":236,"date":"2011-09-17T16:54:03","date_gmt":"2011-09-17T14:54:03","guid":{"rendered":"http:\/\/www.bachstrasse2.de\/?page_id=236"},"modified":"2011-10-21T18:57:25","modified_gmt":"2011-10-21T16:57:25","slug":"laufergebnisse-1998","status":"publish","type":"page","link":"https:\/\/www.bachstrasse6.de\/?page_id=236","title":{"rendered":"Laufergebnisse 1998"},"content":{"rendered":"<p><span><span style=\"font-family: Arial,Helvetica;\"><span>Training ist ja recht und sch\u00f6n, doch ein Duell im Wettkampf ist eben durch nichts zu ersetzen. Deshalb starten wir auch wann immer es m\u00f6glich ist bei offiziellen Wettk\u00e4mpfen in unserer Umgebung. Hier die Ergebnisse des Jahres 1998:<\/span><\/span><\/span><\/p>\n<p><strong>K\u00e4mpfelbach-Lauf<\/strong>, 09.05.98, Ersingen, 10 km, 134 Teilnehmer<br \/>\nBernhard Frey 47:15 min. (58), Marco Frei 55:17 min. (108)<br \/>\n<strong>Waldlauf<\/strong>, 21.05.98, W\u00f6ssingen, 10 km, 117 Teilnehmer<br \/>\nBernhard Frey 44:03 min. (39), Oliver Lamprecht 49:02 min. (76)<br \/>\n<strong>20. Internationaler Hanauerland-Volkslauf<\/strong>, 14.06.98, Kehl, 10 km, 175 Teilnehmer<br \/>\nMartin Nelius 43:33 min. (91), Marco Frei 50:39 min. (148), Barbara Flohs 58:53 min. (17..)<br \/>\n<strong>4. Int. Remchinger Schlo\u00dfbad-Lauf<\/strong>, 12.09.98, Wilferdingen, 10 km, 254 Teilnehmer<br \/>\nOliver Lamprecht 49:10 min. (184), Marco Frei 51:13 min. (208)<\/p>\n","protected":false},"excerpt":{"rendered":"<p>Training ist ja recht und sch\u00f6n, doch ein Duell im Wettkampf ist eben durch nichts zu ersetzen. Deshalb starten wir auch wann immer es m\u00f6glich ist bei offiziellen Wettk\u00e4mpfen in unserer Umgebung. Hier die Ergebnisse des Jahres 1998: K\u00e4mpfelbach-Lauf, 09.05.98, Ersingen, 10 km, 134 Teilnehmer Bernhard Frey 47:15 min. (58), Marco Frei 55:17 min. (108) [&hellip;]<\/p>\n","protected":false},"author":2,"featured_media":0,"parent":9,"menu_order":0,"comment_status":"open","ping_status":"closed","template":"","meta":{"footnotes":""},"class_list":["post-236","page","type-page","status-publish","hentry"],"_links":{"self":[{"href":"https:\/\/www.bachstrasse6.de\/index.php?rest_route=\/wp\/v2\/pages\/236","targetHints":{"allow":["GET"]}}],"collection":[{"href":"https:\/\/www.bachstrasse6.de\/index.php?rest_route=\/wp\/v2\/pages"}],"about":[{"href":"https:\/\/www.bachstrasse6.de\/index.php?rest_route=\/wp\/v2\/types\/page"}],"author":[{"embeddable":true,"href":"https:\/\/www.bachstrasse6.de\/index.php?rest_route=\/wp\/v2\/users\/2"}],"replies":[{"embeddable":true,"href":"https:\/\/www.bachstrasse6.de\/index.php?rest_route=%2Fwp%2Fv2%2Fcomments&post=236"}],"version-history":[{"count":4,"href":"https:\/\/www.bachstrasse6.de\/index.php?rest_route=\/wp\/v2\/pages\/236\/revisions"}],"predecessor-version":[{"id":294,"href":"https:\/\/www.bachstrasse6.de\/index.php?rest_route=\/wp\/v2\/pages\/236\/revisions\/294"}],"up":[{"embeddable":true,"href":"https:\/\/www.bachstrasse6.de\/index.php?rest_route=\/wp\/v2\/pages\/9"}],"wp:attachment":[{"href":"https:\/\/www.bachstrasse6.de\/index.php?rest_route=%2Fwp%2Fv2%2Fmedia&parent=236"}],"curies":[{"name":"wp","href":"https:\/\/api.w.org\/{rel}","templated":true}]}}