{"id":232,"date":"2011-09-17T16:53:11","date_gmt":"2011-09-17T14:53:11","guid":{"rendered":"http:\/\/www.bachstrasse2.de\/?page_id=232"},"modified":"2013-08-20T13:46:36","modified_gmt":"2013-08-20T11:46:36","slug":"laufergebnisse-2000","status":"publish","type":"page","link":"https:\/\/www.bachstrasse6.de\/?page_id=232","title":{"rendered":"Laufergebnisse 2000"},"content":{"rendered":"<p><span><span style=\"font-family: Arial,Helvetica;\"><span>Training ist ja recht und sch\u00f6n, doch ein Duell im Wettkampf ist eben durch nichts zu ersetzen. Deshalb starten wir auch wann immer es m\u00f6glich ist bei offiziellen Wettk\u00e4mpfen in unserer Umgebung. Hier die Ergebnisse des Jahres 2000:<\/span><\/span><\/span><\/p>\n<p><strong>14. Crosslauf<\/strong>, 30.01.00, Kraichtal-Oberacker, 10 km, 131 Teilnehmer<br \/>\nBernhard Frey 49:20 min. (62), Marco Frei 54:56 min. (98)<br \/>\n<strong>15. Hasensprunglauf<\/strong>, 25.03.00, J\u00f6hlingen, 10 km, 263 Teilnehmer<br \/>\nBernhard Frey 43:58 min. (74), Marco Frei 45:43 min. (101), Karin Rohatsch 65:41 min. (260)<br \/>\n<strong>12. Stadtlauf<\/strong>, 09.04.00, Wiesloch, 10 km, 508 Teilnehmer<br \/>\nMartin Nelius 42:55 min. (207), Bernhard Frey 43:31 min. (220), Marco Frei 44:11 min. (238)<br \/>\n<strong>19. Heidelberger Halbmarathon<\/strong>, 30.04.00, Heidelberg, 21,1 km, 1.569 Teilnehmer<br \/>\nMartin Nelius 1:40:12 h (312), Bernhard Frey 1:46:10 h (533), Marco Frei 1:50:23 h (706)<br \/>\n<strong>11. Badische Meile<\/strong>, 06.05.00, Karlsruhe, 8,88889 km, 1.672 Teilnehmer<br \/>\nBernhard Frey 39:03 min. (113), Marco Frei 40:35 min. (158), Sandra Guhl 65:29 min. (1456)<br \/>\n<strong>K\u00e4mpfelbach-Lauf<\/strong>, 13.05.00, Ersingen, 10 km, 125 Teilnehmer<br \/>\nBernhard Frey 44:48 min. (44), Marco Frei 46:12 min. (52), Andreas Frey 50:00 min. (68), Oliver Lamprecht 56:37 min. (99), Andreas Kamm 61:37 min. (114), Karin Rohatsch 64:02 min. (121)<br \/>\n<strong>Waldlauf<\/strong>, 01.06.00, W\u00f6ssingen, 10 km, 120 Teilnehmer<br \/>\nBernhard Frey 45:05 min. (30), Heiko G\u00f6hringer 45:18 min. (31), Andreas Frey 50:02 min. (62), Thorsten Heidt 50:10 min. (63), Oliver Lamprecht 56:27 min. (103)<br \/>\n<strong>22. Internationaler Hanauerland-Volkslauf<\/strong>, 04.06.00, Kehl, 10 km, 123 Teilnehmer<br \/>\nMarco Frei 44:52 min. (61), Martin Nelius 44:53 min. (62)<br \/>\n<strong>8. Mitternachtslauf<\/strong>, 17.06.00, Bischweier, 7,77 km, 1.132 Teilnehmer<br \/>\nBernhard Frey 32:05 min. (122), Heiko G\u00f6hringer 32:45 min. (147), Marco Frei 33:20 min. (164), Timo Brenk 33:41 min. (187), Michael Popp 34:35 min. (242), Thorsten Heidt 37:00 min. (376), Marcel Thom 38:25 min. (464), Oliver Lamprecht 40:05 min. (582), Andreas Kamm 43:50 min. (779), Karin Rohatsch 47:53 min. (940), Sandra Guhl 52:38 min. (1047)<br \/>\n<strong>7. Stuttgart-Lauf<\/strong>, 25.06.00, Stuttgart, 21,1 km, 3.692 Teilnehmer<br \/>\nBernhard Frey 1:39:11 h (1162), Marco Frei 1:39:40 h (1202), Michael Popp 1:42:24 h (1487)<br \/>\nMannschaftswertung: 5:05:34 h (151 von 272)<br \/>\n<strong>10. Albersweilerer Mitternachtslauf<\/strong>, 14.07.00, Albersweiler, 8,2 km, 1.246 Teilnehmer<br \/>\nGeorg Schmittmann 35:30 min. (165), Timo Brenk 35:50 min. (181), Michael Popp 35:54 min. (185), Marco Frei 35:58 min. (188), Bernhard Frey 36:14 min. (205), Oliver Lamprecht 44:39 min. (662), Karin Rohatsch 51:39 min. (1003), Andreas Kamm 55:30 min. (1136)<br \/>\n<strong>10. Murgtal-Volkslauf<\/strong>, 30.07.00, Ottenau, 9,4 km, 129 Teilnehmer<br \/>\nBernhard Frey 39:28 min. (32), Marco Frei 40:05 min. (38), Timo Brenk 40:56 min. (45), Andreas Frey 44:31 min. (75), Oliver Lamprecht 50:06 min. (108), Karin Rohatsch 57:54 min. (123)<br \/>\n<strong>32. Kupferberglauf<\/strong>, 27.08.00, Bad Rippoldsau, Halbmarathon 21,1 km, 120 Teilnehmer<br \/>\nBernhard Frey 1:34:39 h (35), Andreas Frey 1:54:49 h (101), Oliver Lamprecht 2:01:22 h (115)<br \/>\nMannschaftswertung: 5:30:50 h (10 von 11)<br \/>\n<strong>18. Baden-Marathon<\/strong>, 17.09.00, Karlsruhe, Halbmarathon 21,1 km, 2.981 Teilnehmer<br \/>\nMartin Nelius 1:34:14 h (454), Michael Popp 1:40:53 h (831), Timo Brenk 1:48:48 h (1440)<br \/>\n<strong>18. Baden-Marathon<\/strong>, 17.09.00, Karlsruhe, Marathon 42,195 km, 1.363 Teilnehmer<br \/>\nGeorg Schmittmann 3:10:19 h (113), Marco Frei 4:02:24 h (954)<br \/>\n<strong>23. Rheinmarathon<\/strong>, 03.10.00, Maximiliansau, Marathonstaffel 42,195 km, 7 Teilnehmer<br \/>\nGeBaJo\u2019s Bilfingen (Bernhard Frey, Timo Brenk, Heiko G\u00f6hringer, Karin Rohatsch, Marco Frei, Andreas Frey) 3:10:06 h (3)<br \/>\n<strong>23. Pfinztal-Volkslauf<\/strong>, 29.10.00, Berghausen, 10 km, 362 Teilnehmer<br \/>\nMarco Frei 43:28 min. (117), Oliver Lamprecht 50:32 min. (276)<br \/>\n<strong>12. Karlsbader Volkslauf<\/strong>, 12.11.00, Langensteinbach, 10 km, 351 Teilnehmer<br \/>\nTimo Brenk 45:07 min. (93), Marco Frei 45:10 min. (94)<br \/>\n<strong>Forchheimer Silvesterlauf<\/strong>, 30.12.00, Forchheim, 10 km, 507 Teilnehmer<br \/>\nMarco Frei 44:48 min. (144), Karin Rohatsch 58:23 min. (450)<\/p>\n<p>&nbsp;<\/p>\n<div id=\"attachment_812\" style=\"width: 310px\" class=\"wp-caption alignleft\"><img loading=\"lazy\" decoding=\"async\" aria-describedby=\"caption-attachment-812\" src=\"http:\/\/www.bachstrasse6.de\/wp-content\/uploads\/2008\/10\/gebtbka00fin-300x225.jpg\" alt=\"Timo Brenk beim Baden-Marathon Karlsruhe 2000\" width=\"300\" height=\"225\" class=\"size-medium wp-image-812\" srcset=\"https:\/\/www.bachstrasse6.de\/wp-content\/uploads\/2008\/10\/gebtbka00fin-300x225.jpg 300w, https:\/\/www.bachstrasse6.de\/wp-content\/uploads\/2008\/10\/gebtbka00fin.jpg 640w\" sizes=\"auto, (max-width: 300px) 100vw, 300px\" \/><p id=\"caption-attachment-812\" class=\"wp-caption-text\">Timo Brenk beim Baden-Marathon Karlsruhe 2000<\/p><\/div>\n<p>&nbsp;<\/p>\n<div id=\"attachment_811\" style=\"width: 310px\" class=\"wp-caption alignleft\"><img loading=\"lazy\" decoding=\"async\" aria-describedby=\"caption-attachment-811\" src=\"http:\/\/www.bachstrasse6.de\/wp-content\/uploads\/2008\/10\/gebmfka00fin-300x225.jpg\" alt=\"Marco Frei beim Baden-Marathon Karlsruhe 2000\" width=\"300\" height=\"225\" class=\"size-medium wp-image-811\" srcset=\"https:\/\/www.bachstrasse6.de\/wp-content\/uploads\/2008\/10\/gebmfka00fin-300x225.jpg 300w, https:\/\/www.bachstrasse6.de\/wp-content\/uploads\/2008\/10\/gebmfka00fin.jpg 640w\" sizes=\"auto, (max-width: 300px) 100vw, 300px\" \/><p id=\"caption-attachment-811\" class=\"wp-caption-text\">Marco Frei beim Baden-Marathon Karlsruhe 2000<\/p><\/div>\n<p>&nbsp;<\/p>\n","protected":false},"excerpt":{"rendered":"<p>Training ist ja recht und sch\u00f6n, doch ein Duell im Wettkampf ist eben durch nichts zu ersetzen. Deshalb starten wir auch wann immer es m\u00f6glich ist bei offiziellen Wettk\u00e4mpfen in unserer Umgebung. Hier die Ergebnisse des Jahres 2000: 14. Crosslauf, 30.01.00, Kraichtal-Oberacker, 10 km, 131 Teilnehmer Bernhard Frey 49:20 min. (62), Marco Frei 54:56 min. [&hellip;]<\/p>\n","protected":false},"author":2,"featured_media":0,"parent":9,"menu_order":0,"comment_status":"open","ping_status":"closed","template":"","meta":{"footnotes":""},"class_list":["post-232","page","type-page","status-publish","hentry"],"_links":{"self":[{"href":"https:\/\/www.bachstrasse6.de\/index.php?rest_route=\/wp\/v2\/pages\/232","targetHints":{"allow":["GET"]}}],"collection":[{"href":"https:\/\/www.bachstrasse6.de\/index.php?rest_route=\/wp\/v2\/pages"}],"about":[{"href":"https:\/\/www.bachstrasse6.de\/index.php?rest_route=\/wp\/v2\/types\/page"}],"author":[{"embeddable":true,"href":"https:\/\/www.bachstrasse6.de\/index.php?rest_route=\/wp\/v2\/users\/2"}],"replies":[{"embeddable":true,"href":"https:\/\/www.bachstrasse6.de\/index.php?rest_route=%2Fwp%2Fv2%2Fcomments&post=232"}],"version-history":[{"count":4,"href":"https:\/\/www.bachstrasse6.de\/index.php?rest_route=\/wp\/v2\/pages\/232\/revisions"}],"predecessor-version":[{"id":1232,"href":"https:\/\/www.bachstrasse6.de\/index.php?rest_route=\/wp\/v2\/pages\/232\/revisions\/1232"}],"up":[{"embeddable":true,"href":"https:\/\/www.bachstrasse6.de\/index.php?rest_route=\/wp\/v2\/pages\/9"}],"wp:attachment":[{"href":"https:\/\/www.bachstrasse6.de\/index.php?rest_route=%2Fwp%2Fv2%2Fmedia&parent=232"}],"curies":[{"name":"wp","href":"https:\/\/api.w.org\/{rel}","templated":true}]}}