{"id":223,"date":"2011-09-17T16:51:06","date_gmt":"2011-09-17T14:51:06","guid":{"rendered":"http:\/\/www.bachstrasse2.de\/?page_id=223"},"modified":"2013-08-20T13:30:07","modified_gmt":"2013-08-20T11:30:07","slug":"laufergebnisse-2004","status":"publish","type":"page","link":"https:\/\/www.bachstrasse6.de\/?page_id=223","title":{"rendered":"Laufergebnisse 2004"},"content":{"rendered":"<p><span><span style=\"font-family: Arial,Helvetica;\"><span>Training ist ja recht und sch\u00f6n, doch ein Duell im Wettkampf ist eben durch nichts zu ersetzen. Deshalb starten wir auch wann immer es m\u00f6glich ist bei offiziellen Wettk\u00e4mpfen in unserer Umgebung. Hier die Ergebnisse des Jahres 2004:<\/span><\/span><\/span><\/p>\n<p><strong>22. Rheinzaberner Winterlaufserie<\/strong>, 11.01.04, Rheinzabern, 15 km, 1.050 Teilnehmer<br \/>\nMarco Frei 69:44 min. (493)<br \/>\n<strong>18. Crosslauf<\/strong>, 25.01.04, Kraichtal-Oberacker, 10 km, 152 Teilnehmer<br \/>\nMarco Frei 48:31 min. (66), Bernhard Frey 50:53 min. (86), Timo Brenk 52:14 min. (95), Oliver Lamprecht 55:47 min. (119)<br \/>\n<strong>1. Rissnertlauf<\/strong>, 21.03.04, Karlsruhe-R\u00fcppurr, 15,3 km, 168 Teilnehmer<br \/>\nMarco Frei 70:30 min. (52)<br \/>\n<strong>17. Neureuter Volkslauf<\/strong>, 04.04.04, Karlsruhe-Neureut, 5 km, 74 Teilnehmer<br \/>\nChristine Poiget 28:03 min. (44)<br \/>\n<strong>17. Neureuter Volkslauf<\/strong>, 04.04.04, Karlsruhe-Neureut, 10 km, 192 Teilnehmer<br \/>\nMarco Frei 43:40 min. (52)<br \/>\n<strong>31. Rheinzaberner Osterlauf<\/strong>, 10.04.04, Rheinzabern, 21,1 km, 344 Teilnehmer<br \/>\nOliver Lamprecht 2:06:19 min. (324)<br \/>\n<strong>Heidelberger Minimarathon<\/strong>, 25.04.04, Heidelberg, 4,2 km, 209 Teilnehmer<br \/>\nChristine Poiget 22:14 min. (126)<br \/>\n<strong>23. Heidelberger Halbmarathon<\/strong>, 25.04.04, Heidelberg, 21,1 km, 2.672 Teilnehmer<br \/>\nMartin Nelius 1:38:26 h (277), Marco Frei 1:42:42 h (426), Dirk P\u00f6tschke 2:00:31 h (1523), Oliver Lamprecht 2:11:04 h (2014)<br \/>\nMannschaftswertung: 5:54:17 h (159 von 268)<br \/>\n<strong>33. Fr\u00fchlingslauf Rot<\/strong>, 02.05.04, Rot, 21,1 km, 455 Teilnehmer<br \/>\nMarco Frei 1:35:40 h (100), Martin Nelius 1:46:23 h (222)<br \/>\n<strong>Citylauf Illingen<\/strong>, 08.05.04, Illingen, 10 km, 344 Teilnehmer<br \/>\nMarco Frei 42:44 min. (69), Timo Brenk 46:50 min. (135), Bernhard Frey 46:51min. (136)<br \/>\n<strong>4. Heilbronner Trollinger-Marathon<\/strong>, 16.05.04, Heilbronn, 21,1 km, 4.310 Teilnehmer<br \/>\nMarco Frei 1:38:16 h (421), Patrick Saint-Julien 1:55:32 h (1898), Oliver Lamprecht 2:00:46 h (2480), Yvonne Schubert 2:25:07 h (3911)<br \/>\n<strong>14. Waldlauf<\/strong>, 20.05.04, W\u00f6ssingen, 10 km, 118 Teilnehmer<br \/>\nBernhard Frey 47:31 min. (47), Dirk P\u00f6tschke 51:04 min. (69), Oliver Lamprecht 52:58 min. (78)<br \/>\n<strong>K\u00e4mpfelbach-Lauf<\/strong>, 22.05.04, Ersingen, 10 km, 207 Teilnehmer<br \/>\nMarco Frei 43:44 min. (40), Timo Brenk 48:18 min. (92), Andreas Frey 51:58 min. (143), Christine Poiget 55:35 min. (176), Karin Rohatsch 60:10 min. (197)<br \/>\n<strong>2. Int. Kieselbronner Gei\u00dfeschenner-Halbmarathon<\/strong>, 12.06.04, Kieselbronn, 5 km, 30 Teilnehmer<br \/>\nChristine Poiget 24:48 min. (14), Horst Frei 26:06 min. (19)<br \/>\n<strong>2. Int. Kieselbronner Gei\u00dfeschenner-Halbmarathon<\/strong>, 12.06.04, Kieselbronn, 21,1 km, 221 Teilnehmer<br \/>\nMarco Frei 1:39:43 h (69), Claudia Merkle 1:50:48 h (129), Patrick Saint-Julien 1:56:20 h (154)<br \/>\n<strong>12. Mitternachtslauf<\/strong>, 19.06.04, Bischweier, 7,77 km, 1.936 Teilnehmer<br \/>\nMarco Frei 33:24 min. (183), Bernhard Frey 34:18 min. (240), Timo Brenk 35:14 min. (316), Tobias Wendel 36:42 min. (435), Simone Frei 37:54 min. (523), Eric Reiling 38:44 min. (613), Christine Poiget 41:05 min. (827), Horst Frei 43:26 min. (1038)<br \/>\n<strong>City-Lauf<\/strong>, 25.06.04, Pforzheim, 10 km, 417 Teilnehmer<br \/>\nMarco Frei 44:00 min. (93)<br \/>\n<strong>14. Albersweilerer Mitternachtslauf<\/strong>, 17.07.04, Albersweiler, 8,2 km, 1.656 Teilnehmer<br \/>\nMartin Nelius 35:16 min. (114), Bernhard Frey 35:43 min. (133), Marco Frei 36:46 min. (178), Eric Reiling 39:27 min. (321), Timo Brenk 41:45 min. (455), Oliver Lamprecht 42:30 min. (515), Stephan Graw 43:16 min. (566), Christine Poiget 44:28 min. (644), Kai Roth 49:44 min. (989), Karin Rohatsch 51:34 min. (1103)<br \/>\n<strong>2. Weiherer Hardtseelauf<\/strong>, 24.07.04, Ubstadt-Weiher, 10 km, 603 Teilnehmer<br \/>\nMartin Nelius 43:07 min. (161), Bernhard Frey 43:09 min. (162), Marco Frei 44:19 min. (191)<br \/>\n<strong>36. Kupferberglauf<\/strong>, 29.08.04, Bad Rippoldsau, Halbmarathon 21,1 km, 121 Teilnehmer<br \/>\nOliver Lamprecht 2:01:48 h (109)<br \/>\n<strong>22. Baden-Marathon<\/strong>, 19.09.04, Karlsruhe, Halbmarathon 21,1 km, 4.955 Teilnehmer<br \/>\nMarco Frei 1:35:22 h (452), Martin Nelius 1:37:39 h (574), Yvonne Schubert 2:21:05 h (4475)<br \/>\n<strong>9. Ranntal-Lauf<\/strong>, 25.09.04, Wilferdingen, 5 km, 23 Teilnehmer<br \/>\nHorst Frei 27:24 min. (14)<br \/>\n<strong>9. Ranntal-Lauf<\/strong>, 25.09.04, Wilferdingen, 10 km, 249 Teilnehmer<br \/>\nMarco Frei 42:23 min. (51), Christine Poiget 50:53 min. (169)<br \/>\n<strong>12. Turmberglauf<\/strong>, 02.10.04, Karlsruhe-Durlach, 10 km, 641 Teilnehmer<br \/>\nMarco Frei 43:03 min. (109), Timo Brenk 47:43 min. (237), Michael Meiniger 50:05 min. (307), Oliver Lamprecht 51:21 min. (350), Stephan Graw 52:37 min. (388)<br \/>\n<strong>19. Hardtwaldlauf<\/strong>, 10.10.04, Karlsruhe, 10 km, 449 Teilnehmer<br \/>\nMarco Frei 41:53 min. (69), Christine Poiget 50:02 min. (266), Horst Frei 59:06 min. (391)<br \/>\n<strong>7. Hockenheimringlauf<\/strong>, 01.11.04, Hockenheim, 10 km, 1.831 Teilnehmer<br \/>\nMartin Nelius 43:18 min. (296), Marco Frei 45:30 min. (465)<br \/>\n<strong>22. Winterstra\u00dfenlauf<\/strong>, 04.12.04, Bruchhausen, 10 km, 183 Teilnehmer<br \/>\nMarco Frei 44:03 min. (55), Bernhard Frey 48:14 min. (96), Timo Brenk 48:54 min. (100), Stephan Graw 52:20 min. (128)<br \/>\n<strong>23. Rheinzaberner Winterlaufserie<\/strong>, 12.12.04, Rheinzabern, 10 km, 1.334 Teilnehmer<br \/>\nMarco Frei 44:40 min. (531), Martin Nelius 44:40 min. (532)<br \/>\n<strong>17. Forchheimer Silvesterlauf<\/strong>, 31.12.04, Forchheim, 10 km, 601 Teilnehmer<br \/>\nBernhard Frey 48:18 min. (230), Timo Brenk 49:32 min. (268), Oliver Lamprecht 51:15 min. (312), Stephan Graw 52:59 min. (359)<\/p>\n<p>&nbsp;<\/p>\n<div id=\"attachment_826\" style=\"width: 298px\" class=\"wp-caption alignleft\"><a href=\"http:\/\/www.bachstrasse6.de\/wp-content\/uploads\/2008\/10\/gebslf04.jpg\"><img loading=\"lazy\" decoding=\"async\" aria-describedby=\"caption-attachment-826\" src=\"http:\/\/www.bachstrasse6.de\/wp-content\/uploads\/2008\/10\/gebslf04.jpg\" alt=\"Bernhard Frey, Timo Brenk und Stephan Graw beim Silvesterlauf Forchheim 2004\" width=\"288\" height=\"250\" class=\"size-full wp-image-826\" \/><\/a><p id=\"caption-attachment-826\" class=\"wp-caption-text\">Bernhard Frey, Timo Brenk und Stephan Graw beim Silvesterlauf Forchheim 2004<\/p><\/div>\n<p>&nbsp;<\/p>\n","protected":false},"excerpt":{"rendered":"<p>Training ist ja recht und sch\u00f6n, doch ein Duell im Wettkampf ist eben durch nichts zu ersetzen. Deshalb starten wir auch wann immer es m\u00f6glich ist bei offiziellen Wettk\u00e4mpfen in unserer Umgebung. Hier die Ergebnisse des Jahres 2004: 22. Rheinzaberner Winterlaufserie, 11.01.04, Rheinzabern, 15 km, 1.050 Teilnehmer Marco Frei 69:44 min. (493) 18. Crosslauf, 25.01.04, [&hellip;]<\/p>\n","protected":false},"author":2,"featured_media":0,"parent":9,"menu_order":0,"comment_status":"open","ping_status":"closed","template":"","meta":{"footnotes":""},"class_list":["post-223","page","type-page","status-publish","hentry"],"_links":{"self":[{"href":"https:\/\/www.bachstrasse6.de\/index.php?rest_route=\/wp\/v2\/pages\/223","targetHints":{"allow":["GET"]}}],"collection":[{"href":"https:\/\/www.bachstrasse6.de\/index.php?rest_route=\/wp\/v2\/pages"}],"about":[{"href":"https:\/\/www.bachstrasse6.de\/index.php?rest_route=\/wp\/v2\/types\/page"}],"author":[{"embeddable":true,"href":"https:\/\/www.bachstrasse6.de\/index.php?rest_route=\/wp\/v2\/users\/2"}],"replies":[{"embeddable":true,"href":"https:\/\/www.bachstrasse6.de\/index.php?rest_route=%2Fwp%2Fv2%2Fcomments&post=223"}],"version-history":[{"count":6,"href":"https:\/\/www.bachstrasse6.de\/index.php?rest_route=\/wp\/v2\/pages\/223\/revisions"}],"predecessor-version":[{"id":285,"href":"https:\/\/www.bachstrasse6.de\/index.php?rest_route=\/wp\/v2\/pages\/223\/revisions\/285"}],"up":[{"embeddable":true,"href":"https:\/\/www.bachstrasse6.de\/index.php?rest_route=\/wp\/v2\/pages\/9"}],"wp:attachment":[{"href":"https:\/\/www.bachstrasse6.de\/index.php?rest_route=%2Fwp%2Fv2%2Fmedia&parent=223"}],"curies":[{"name":"wp","href":"https:\/\/api.w.org\/{rel}","templated":true}]}}