{"id":206,"date":"2011-09-17T15:39:35","date_gmt":"2011-09-17T13:39:35","guid":{"rendered":"http:\/\/www.bachstrasse2.de\/?page_id=206"},"modified":"2013-08-20T13:23:46","modified_gmt":"2013-08-20T11:23:46","slug":"laufergebnisse-2007","status":"publish","type":"page","link":"https:\/\/www.bachstrasse6.de\/?page_id=206","title":{"rendered":"Laufergebnisse 2007"},"content":{"rendered":"<p><span><span style=\"font-family: Arial,Helvetica;\"><span>Training ist ja recht und sch\u00f6n, doch ein Duell im Wettkampf ist eben durch nichts zu ersetzen. Deshalb starten wir auch wann immer es m\u00f6glich ist bei offiziellen Wettk\u00e4mpfen in unserer Umgebung. Hier die Ergebnisse des Jahres 2007:<\/span><\/span><\/span><\/p>\n<p><span><span style=\"font-family: Arial,Helvetica;\"><span><strong>25. Rheinzaberner Winterlaufserie<\/strong>, 14.01.07, Rheinzabern, 15 km, 1.341 Teilnehmer<br \/>\nBernhard Frey 71:26 min. (628), Oliver Lamprecht 76:17 min. (857)<br \/>\n<strong>25. Rheinzaberner Winterlaufserie<\/strong>, 11.02.07, Rheinzabern, 20 km, 1.052 Teilnehmer<br \/>\nBernhard Frey 1:37:57 h (528), Oliver Lamprecht 1:51:09 h (860)<br \/>\n<strong>H\u00f6rdter Auwaldlauf<\/strong>, 04.03.07, H\u00f6rdt, 20 km, 220 Teilnehmer<br \/>\nBernhard Frey 1:34:12 h (66)<br \/>\n<strong>17. Int. Volkslauf &#8222;Rund um Mercedes-Benz&#8220;,<\/strong> 10.03.07, Rastatt, 10 km, 401 Teilnehmer<br \/>\nMarco Frei 45:56 min. (187), Lothar Becht 48:37 min. (231)<br \/>\n<strong>4. Rissnertlauf<\/strong>, 18.03.07, Karlsruhe-R\u00fcppurr, 15 km, 210 Teilnehmer<br \/>\nBernhard Frey 69:20 min. (64), Marco Frei 70:38 min. (74)<br \/>\n<strong>5. Hesse-Lauf<\/strong>, 24.03.07, Calw, 10 km, 377 Teilnehmer<br \/>\nMarco Frei 45:00 min. (191)<br \/>\n<strong>2. Panoramalauf<\/strong>, 14.04.07, Conweiler, 21,1 km, 269 Teilnehmer<br \/>\nMarco Frei 1:49:08 min. (68)<br \/>\n<strong>26. Heidelberger Halbmarathon<\/strong>, 29.04.07, Heidelberg, 21,1 km, 3.098 Teilnehmer<br \/>\nMarco Frei 1:47:21 h (576), Martin Nelius 2:02:16 h (1548), Oliver Lamprecht 2:03:36 h (1634)<br \/>\n<strong>24. K\u00e4mpfelbach-Lauf<\/strong>, 19.05.07, Ersingen, 10 km, 150 Teilnehmer<br \/>\nMarco Frei 46:12 min. (43), Andreas Frey 51:54 min. (100), Christine Poiget 52:08 min. (102), Timo Brenk 54:55 min. (122), Horst Frei 57:51 min. (130)<br \/>\n<strong>7. Heilbronner Trollinger-Marathon<\/strong>, 20.05.07, Heilbronn, 21,1 km, 4.365 Teilnehmer<br \/>\nMarco Frei 1:52:44 h (1083), Oliver Lamprecht 1:59:11 h (1647), Siegfried Lamprecht 2:20:35 h (3305)<br \/>\n<strong>17. Albersweilerer Mitternachtslauf<\/strong>, 13.07.07, Albersweiler, 8,2 km, 773 Teilnehmer<br \/>\nMarco Frei 35:35 min. (74), Christine Poiget 42:17 min. (280)<br \/>\n<strong>2. Stra\u00dfenfestlauf<\/strong>, 26.08.07, Hambr\u00fccken, 21,1 km, 240 Teilnehmer<br \/>\nBernhard Frey 1:40:19 h (61), Marco Frei 1:40:51 h (65), Siegfried Lamprecht 2:15:20 h (221)<br \/>\n<strong>25. Baden-Marathon<\/strong>, 16.09.07, Karlsruhe, Halbmarathon 21,1 km, 6.187 Teilnehmer<br \/>\nMarco Frei 1:44:55 h (1443), Martin Nelius 1:44:55 h (1443), Siegfried Lamprecht 2:03:00 h (4044), Timo Brenk 2:22:18 h (5614)<br \/>\n<strong>12. Ranntal-Lauf<\/strong>, 22.09.07, Wilferdingen, 10 km, 263 Teilnehmer<br \/>\nMarco Frei 45:25 min. (92), Christine Poiget 50:27 min. (162), Horst Frei 55:49 min. (213)<br \/>\n<\/span><\/span><\/span><span><span style=\"font-family: Arial,Helvetica;\"><span><strong>13. Volkslauf Serres<\/strong>, 03.10.07, Serres, 10 km, 259 Teilnehmer<br \/>\nMarco Frei 45:51 min. (69), Christine Frei 51:02 min. (138)<br \/>\n<span><span style=\"font-family: Arial,Helvetica;\"><span><strong>15. Turmberglauf<\/strong>, 06.10.07, Karlsruhe-Durlach, 10 km, 683 Teilnehmer<br \/>\nMarco Frei 44:18 min. (111), Lothar Becht 52:13 min. (368), Timo Brenk 53:25 min. (397)<br \/>\n<\/span><\/span><\/span><strong>21. Int. &#8222;Oberwald&#8220;-Volkslauf<\/strong>, 20.10.07, Karlsruhe-R\u00fcppurr, 10 km, 418 Teilnehmer<br \/>\nMarco Frei 44:18 min. (111), Christine Frei 49:19 min. (214), Lothar Becht 50:43 min. (238), Marc Poiget 54:05 min. (299)<br \/>\n<strong>14. KSC-Schlossparklauf<\/strong>, 18.11.07, Karlsruhe, 9,9 km, 745 Teilnehmer<br \/>\nMarco Frei 44:50 min. (154), Christine Frei 50:16 min. (330), Horst Frei 53:57 min. (460)<br \/>\nMannschaftswertung: 2:29:03 h (38 von 91)<\/span><\/span><\/span><\/p>\n<p>&nbsp;<\/p>\n<div id=\"attachment_833\" style=\"width: 235px\" class=\"wp-caption alignleft\"><img loading=\"lazy\" decoding=\"async\" aria-describedby=\"caption-attachment-833\" src=\"http:\/\/www.bachstrasse6.de\/wp-content\/uploads\/2008\/10\/gebhtm07-225x300.jpg\" alt=\"Marco Frei beim Trollinger Marathon Heilbronn 2007\" width=\"225\" height=\"300\" class=\"size-medium wp-image-833\" srcset=\"https:\/\/www.bachstrasse6.de\/wp-content\/uploads\/2008\/10\/gebhtm07-225x300.jpg 225w, https:\/\/www.bachstrasse6.de\/wp-content\/uploads\/2008\/10\/gebhtm07.jpg 338w\" sizes=\"auto, (max-width: 225px) 100vw, 225px\" \/><p id=\"caption-attachment-833\" class=\"wp-caption-text\">Marco Frei beim Trollinger Marathon Heilbronn 2007<\/p><\/div>\n<p>&nbsp;<\/p>\n","protected":false},"excerpt":{"rendered":"<p>Training ist ja recht und sch\u00f6n, doch ein Duell im Wettkampf ist eben durch nichts zu ersetzen. Deshalb starten wir auch wann immer es m\u00f6glich ist bei offiziellen Wettk\u00e4mpfen in unserer Umgebung. Hier die Ergebnisse des Jahres 2007: 25. Rheinzaberner Winterlaufserie, 14.01.07, Rheinzabern, 15 km, 1.341 Teilnehmer Bernhard Frey 71:26 min. (628), Oliver Lamprecht 76:17 [&hellip;]<\/p>\n","protected":false},"author":2,"featured_media":0,"parent":9,"menu_order":0,"comment_status":"open","ping_status":"closed","template":"","meta":{"footnotes":""},"class_list":["post-206","page","type-page","status-publish","hentry"],"_links":{"self":[{"href":"https:\/\/www.bachstrasse6.de\/index.php?rest_route=\/wp\/v2\/pages\/206","targetHints":{"allow":["GET"]}}],"collection":[{"href":"https:\/\/www.bachstrasse6.de\/index.php?rest_route=\/wp\/v2\/pages"}],"about":[{"href":"https:\/\/www.bachstrasse6.de\/index.php?rest_route=\/wp\/v2\/types\/page"}],"author":[{"embeddable":true,"href":"https:\/\/www.bachstrasse6.de\/index.php?rest_route=\/wp\/v2\/users\/2"}],"replies":[{"embeddable":true,"href":"https:\/\/www.bachstrasse6.de\/index.php?rest_route=%2Fwp%2Fv2%2Fcomments&post=206"}],"version-history":[{"count":10,"href":"https:\/\/www.bachstrasse6.de\/index.php?rest_route=\/wp\/v2\/pages\/206\/revisions"}],"predecessor-version":[{"id":209,"href":"https:\/\/www.bachstrasse6.de\/index.php?rest_route=\/wp\/v2\/pages\/206\/revisions\/209"}],"up":[{"embeddable":true,"href":"https:\/\/www.bachstrasse6.de\/index.php?rest_route=\/wp\/v2\/pages\/9"}],"wp:attachment":[{"href":"https:\/\/www.bachstrasse6.de\/index.php?rest_route=%2Fwp%2Fv2%2Fmedia&parent=206"}],"curies":[{"name":"wp","href":"https:\/\/api.w.org\/{rel}","templated":true}]}}